{"id":135,"date":"2010-05-19T08:45:25","date_gmt":"2010-05-19T12:45:25","guid":{"rendered":"http:\/\/www.viciousgrin.com\/blog\/?page_id=135"},"modified":"2012-01-19T10:30:27","modified_gmt":"2012-01-19T15:30:27","slug":"weird-comment-spam","status":"publish","type":"page","link":"https:\/\/viciousgrin.com\/blog\/weird-comment-spam\/","title":{"rendered":"Weird Comment Spam"},"content":{"rendered":"<p><img loading=\"lazy\" decoding=\"async\" data-attachment-id=\"136\" data-permalink=\"https:\/\/viciousgrin.com\/blog\/weird-comment-spam\/fifi-lol-whut\/\" data-orig-file=\"https:\/\/viciousgrin.com\/blog\/wp-content\/uploads\/2010\/05\/fifi-lol-whut.jpg\" data-orig-size=\"347,222\" data-comments-opened=\"1\" data-image-meta=\"{&quot;aperture&quot;:&quot;0&quot;,&quot;credit&quot;:&quot;&quot;,&quot;camera&quot;:&quot;&quot;,&quot;caption&quot;:&quot;&quot;,&quot;created_timestamp&quot;:&quot;0&quot;,&quot;copyright&quot;:&quot;&quot;,&quot;focal_length&quot;:&quot;0&quot;,&quot;iso&quot;:&quot;0&quot;,&quot;shutter_speed&quot;:&quot;0&quot;,&quot;title&quot;:&quot;&quot;}\" data-image-title=\"LOLWHUT?\" data-image-description=\"\" data-image-caption=\"\" data-large-file=\"https:\/\/viciousgrin.com\/blog\/wp-content\/uploads\/2010\/05\/fifi-lol-whut.jpg\" class=\"aligncenter size-full wp-image-136\" title=\"LOLWHUT?\" src=\"http:\/\/69.89.31.134\/~vicious2\/blog\/wp-content\/uploads\/2010\/05\/fifi-lol-whut.jpg\" alt=\"\" width=\"347\" height=\"222\" srcset=\"https:\/\/viciousgrin.com\/blog\/wp-content\/uploads\/2010\/05\/fifi-lol-whut.jpg 347w, https:\/\/viciousgrin.com\/blog\/wp-content\/uploads\/2010\/05\/fifi-lol-whut-300x191.jpg 300w\" sizes=\"auto, (max-width: 347px) 100vw, 347px\" \/><br \/>\nWordpress Blogs are magnets for spam. That is why there are a zillion and one different spam catchy plugins. I use <a title=\"Akismet\" href=\"http:\/\/akismet.com\/\" target=\"_blank\">one such plugin<\/a> and for good reason. I get some weirdo comment spam. As I was deleting the last batch, I thought, &#8220;I should totally post these for other peoples&#8217; enjoyment!&#8221; The spammers have delivered. New FUNNY comments will be added to the top of the heap as they come in.<\/p>\n<h2>Posted Thursday, January 19, 2012<\/h2>\n<p><em style=\"border-width: initial; border-color: initial;\">From ashwywchth\u00a0on\u00a0<a href=\"https:\/\/viciousgrin.com\/blog\/2012\/01\/13\/oh-spam-you-rascal\/\">Oh Spam, You Rascal<\/a><\/em><\/p>\n<blockquote><p>frldfwjdjpvthsjo, [url=http:\/\/www.qxxmmuasps.com]gkmjtfakiq[\/url]<\/p><\/blockquote>\n<p>Come on now&#8230; you&#8217;re not even TRYING.<\/p>\n<h2>Posted Wednesday June 16, 2010<\/h2>\n<p><em>From ovulation calculator on\u00a0<a href=\"https:\/\/viciousgrin.com\/blog\/2010\/03\/21\/wedding-invitation-design-experiments\/\">Wedding Invitation Design Experiments<\/a><\/em><\/p>\n<blockquote><p>You challenged me to try something new, and you have my thanks with a link from my place : )<\/p><\/blockquote>\n<p>Ovulation Calculator?!?<\/p>\n<hr \/>\n<p><em>From morning sickness on <a href=\"..\/2010\/03\/21\/wedding-invitation-design-experiments\/\">Wedding Invitation Design Experiments<\/a><\/em><\/p>\n<blockquote><p>Awesome work. I always find very unique posts here on your Blog.<\/p><\/blockquote>\n<p>First Ovulation Calculator, now Morning Sickness?!?<\/p>\n<hr \/>\n<p><em>From diagnosing dyslexia on <\/em><em><a title=\"Little Big Planet 2 Announced\" href=\"..\/2010\/05\/20\/little-big-planet-2-announced\/\">Little Big Planet 2 Announced<\/a><\/em><\/p>\n<blockquote><p>found it on google. nice. ill come back to visit.<\/p><\/blockquote>\n<p>Given the name of the commentor, a rather well-spelled comment.\u00a0 At the very least no letters significantly out of order. \/golfclap<\/p>\n<h2>Posted Monday June 7, 2010<\/h2>\n<p><em style=\"font-style: italic;\">From ISO Downloads For SOny PSP on <a title=\"Little Big Planet 2 Announced\" href=\"https:\/\/viciousgrin.com\/blog\/2010\/05\/20\/little-big-planet-2-announced\/\">Little Big Planet 2 Announced<\/a><\/em><\/p>\n<blockquote><p>The music play on my PSP, i try to sync the music to the psp with windows meida player and it WONT WORK!! and if there is a song that will go on it says on the psp that there are no songs! but some of my memory stick is used up\u2026.im confused plz someone help<\/p><\/blockquote>\n<p>o.O<\/p>\n<hr \/>\n<p><em style=\"font-style: italic;\">From locksmith on <a title=\"BioShock  2: Art Deco Zombie Atlantis\" href=\"https:\/\/viciousgrin.com\/blog\/2010\/04\/23\/bioshock-2-art-deco-zombie-atlantis\/\">BioShock 2: Art Deco Zombie Atlantis<\/a><\/em><\/p>\n<blockquote><p>Hey, I just hopped over to your site via StumbleUpon. Not somthing I would normally read, but I liked your thoughts none the less. Thanks for making something worth reading.<\/p><\/blockquote>\n<p>Gee thanks for that back-handed compliment?<\/p>\n<hr \/>\n<p><em style=\"font-style: italic;\">From singles vacation packages on <a title=\"BioShock  2: Art Deco Zombie Atlantis\" href=\"https:\/\/viciousgrin.com\/blog\/2010\/04\/23\/bioshock-2-art-deco-zombie-atlantis\/\">BioShock 2: Art Deco Zombie Atlantis<\/a><\/em><\/p>\n<blockquote><p>What a fantastic article,and the blog theme is so Beautiful,could you tell me where can download this theme.<\/p><\/blockquote>\n<p>HoPE is the name of the theme and is <a href=\"http:\/\/wordpress.org\/extend\/themes\/hope\" target=\"_blank\">free to download<\/a>. I know you are spam, but a little link love shout out never hurt no one. Plus, the name of the commenter made me LOL.<\/p>\n<hr \/>\n<p><em style=\"font-style: italic;\">From couples resorts on <a title=\"BioShock  2: Art Deco Zombie Atlantis\" href=\"https:\/\/viciousgrin.com\/blog\/2010\/04\/23\/bioshock-2-art-deco-zombie-atlantis\/\">BioShock 2: Art Deco Zombie Atlantis<\/a><\/em><\/p>\n<blockquote><p>Heya, already been reading your blogging site for a long time. I manage a comparable blog page but I keep receiving a pile of spam comments, how can you maintain your blog page so clean?<\/p><\/blockquote>\n<p>Oh, the irony . . .<\/p>\n<hr \/>\n<p><em style=\"font-style: italic;\">From Unlock iPhone on <a title=\"Comcast Update \u2013 FIXT!\" href=\"https:\/\/viciousgrin.com\/blog\/2010\/05\/11\/comcast-update-fixt\/\">Comcast Update \u2013 FIXT!<\/a><\/em><\/p>\n<blockquote><p>successfuly figured.be grateful for you geohot with respect to whatever it takes. knowledge because of do not land<\/p><\/blockquote>\n<p>again, I say, &#8220;o.O&#8221;<\/p>\n<h2>Posted Wednesday May 26, 2010<\/h2>\n<p><em style=\"font-style: italic;\">From Top 100 Poems on <a title=\"Comcast Update \u2013 FIXT!\" href=\"https:\/\/viciousgrin.com\/blog\/2010\/05\/11\/comcast-update-fixt\/\">Comcast Update \u2013 FIXT!<\/a><\/em><\/p>\n<blockquote><p>This is my first time i visit here. I found so many interesting stuff inside your blog particularly its discussion. From the tons of comments on your content articles, I guess I\u2019m not the only one having all the enjoyment here! maintain up the great work.<\/p><\/blockquote>\n<p>The things making this comment spam are too numerous to list.<\/p>\n<hr \/>\n<p><em style=\"font-style: italic;\">From Some Word Written in Thai on <a title=\"Comcast Update \u2013 FIXT!\" href=\"https:\/\/viciousgrin.com\/blog\/2010\/05\/11\/comcast-update-fixt\/\">Comcast Update \u2013 FIXT!<\/a><\/em><\/p>\n<blockquote><p>fruits are good for health. thanks for divisionthis editorialto the whole wide web.<\/p><\/blockquote>\n<p>Indeed.<\/p>\n<hr \/>\n<p><em style=\"font-style: italic;\">From Ovel Inad on <a title=\"BioShock  2: Art Deco Zombie Atlantis\" href=\"https:\/\/viciousgrin.com\/blog\/2010\/04\/23\/bioshock-2-art-deco-zombie-atlantis\/\">BioShock 2: Art Deco Zombie Atlantis<\/a><\/em><\/p>\n<blockquote><p>Thank you for a very clear and helpful post. I am definitely a violator of many of these rules. I often find myself conflicted when writing a blog post because I see myself writing more than people want to read, but I feel that I have to do the subject matter justice by thoroughly covering it. I feel that by following some of these rules I end up cutting out important aspects to the discussion. I guess you have to find a balance.<\/p><\/blockquote>\n<p>What exactly are you trying to say? I think I might be offended!<\/p>\n<hr \/>\n<p><em style=\"font-style: italic;\">From wow gold guide on <a title=\"Comcast Update \u2013 FIXT!\" href=\"https:\/\/viciousgrin.com\/blog\/2010\/05\/11\/comcast-update-fixt\/\">Comcast Update \u2013 FIXT!<\/a><\/em><\/p>\n<blockquote><p>Curt, I love ya. I\u2019m a video-game fanatic as well as a guy who appreciates honesty and loyalty. And sports stars who stay \u201creal\u201d.<\/p><\/blockquote>\n<p>Err . . . the kitty above has a question for you.<\/p>\n<hr \/>\n<p><em style=\"font-style: italic;\">From lady gaga telephone lyrics on <a title=\"Little Big Planet 2 Announced\" href=\"https:\/\/viciousgrin.com\/blog\/2010\/05\/20\/little-big-planet-2-announced\/\">Little Big Planet 2 Announced<\/a><\/em><\/p>\n<blockquote><p>Thanks for sharing, I found this article while googling for lyrics, interesting comments and good points made.<\/p><\/blockquote>\n<p>BWAHAHAHAHAHAHAHAHAHAAAAAAAA!!!!<\/p>\n<hr \/>\n<p><em style=\"font-style: italic;\">From an online casino blog on <a title=\"BioShock  2: Art Deco Zombie Atlantis\" href=\"https:\/\/viciousgrin.com\/blog\/2010\/04\/23\/bioshock-2-art-deco-zombie-atlantis\/\">BioShock 2: Art Deco Zombie Atlantis<\/a><\/em><\/p>\n<blockquote><p>You may participate in not intended to do so, but I about you obtain managed to express the state of intellect that a lottery of people are in. The brains of leaving much to be desired to expropriate, but not aware how or where, is something a piles of us are succeeding through.<\/p><\/blockquote>\n<p>I think he&#8217;s right. Sometimes brains do leave much to be desired. . .<\/p>\n<h2>Posted Wednesday May 19, 2010<\/h2>\n<p><em style=\"font-style: italic;\">From Wholesale Polo Shirts on<a title=\"BioShock  2: Art Deco Zombie Atlantis\" href=\"https:\/\/viciousgrin.com\/blog\/2010\/04\/23\/bioshock-2-art-deco-zombie-atlantis\/\">BioShock 2: Art Deco Zombie Atlantis<\/a><\/em><\/p>\n<blockquote><p><em> <\/em>nice share, good article, very usefull for me\u2026thanks<\/p><\/blockquote>\n<p>I mean, I&#8217;m happy I could help, Polo Shirt Guy, but somehow I don&#8217;t think you&#8217;re authentic<\/p>\n<hr \/>\n<p><em style=\"font-style: italic;\">From ambicusia on <a href=\"https:\/\/viciousgrin.com\/blog\/2010\/04\/23\/bioshock-2-art-deco-zombie-atlantis\/\">BioShock 2: Art Deco Zombie Atlantis<\/a><\/em><\/p>\n<blockquote><p>Just want to say what a great blog you got here!<br \/>\nI\u2019ve been around for quite a lot of time, but finally decided to show my appreciation of your work!<\/p>\n<p>Thumbs up, and keep it going!<\/p>\n<p>Cheers<br \/>\nChristian, Satellite Direct Tv<\/p><\/blockquote>\n<p>The best part about this one is the e-mail address mileycyrus[a bunch of numbers] at gmail dot com<\/p>\n<hr \/>\n<p><em style=\"font-style: italic;\">From Jeromy Lavene on <a title=\"Comcast Update \u2013 FIXT!\" href=\"https:\/\/viciousgrin.com\/blog\/2010\/05\/11\/comcast-update-fixt\/\">Comcast Update \u2013 FIXT!<\/a><\/em><\/p>\n<blockquote><p>Took me many times to review all the comments, but I unquestionably enjoyed the article. It proved to be Very neighbourly to me and I am unwavering to all the commenters here! It\u2019s forever nice when you can not however be informed, but also entertained! I\u2019m unswerving you had festivity scribble literary works this article.<\/p><\/blockquote>\n<p>I don&#8217;t even have the words . . .<\/p>\n<hr \/>\n<p><em style=\"font-style: italic;\">From casino en ligne<\/em><em> on <a title=\"Comcast Update \u2013 FIXT!\" href=\"https:\/\/viciousgrin.com\/blog\/2010\/05\/11\/comcast-update-fixt\/\">Comcast Update \u2013 FIXT!<\/a><\/em><\/p>\n<blockquote><p><strong>casino en ligne\u2026<\/strong><\/p>\n<p>[&#8230;] Le gouvernement de l\u2019Ohio joue des deux c\u00f4t\u00e9s de la cl\u00f4ture. [&#8230;]\u2026<\/p><\/blockquote>\n<p>I was not aware the Francophone community cared so much about the Ohio state government. I like the way he thinks and I&#8217;d like to subscribe to his newsletter . . . ok not really.<\/p>\n","protected":false},"excerpt":{"rendered":"<p>Wordpress Blogs are magnets for spam. That is why there are a zillion and one different spam catchy plugins. I use one such plugin and for good reason. I get some weirdo comment spam. As I was deleting the last batch, I thought, &#8220;I should totally post these for other peoples&#8217; enjoyment!&#8221; The spammers have &hellip; <\/p>\n<p><a class=\"more-link btn\" href=\"https:\/\/viciousgrin.com\/blog\/weird-comment-spam\/\">Continue reading<\/a><\/p>\n","protected":false},"author":3,"featured_media":0,"parent":0,"menu_order":0,"comment_status":"closed","ping_status":"closed","template":"","meta":{"footnotes":""},"class_list":["post-135","page","type-page","status-publish","hentry","nodate","item-wrap"],"jetpack_sharing_enabled":true,"jetpack-related-posts":[],"_links":{"self":[{"href":"https:\/\/viciousgrin.com\/blog\/wp-json\/wp\/v2\/pages\/135","targetHints":{"allow":["GET"]}}],"collection":[{"href":"https:\/\/viciousgrin.com\/blog\/wp-json\/wp\/v2\/pages"}],"about":[{"href":"https:\/\/viciousgrin.com\/blog\/wp-json\/wp\/v2\/types\/page"}],"author":[{"embeddable":true,"href":"https:\/\/viciousgrin.com\/blog\/wp-json\/wp\/v2\/users\/3"}],"replies":[{"embeddable":true,"href":"https:\/\/viciousgrin.com\/blog\/wp-json\/wp\/v2\/comments?post=135"}],"version-history":[{"count":7,"href":"https:\/\/viciousgrin.com\/blog\/wp-json\/wp\/v2\/pages\/135\/revisions"}],"predecessor-version":[{"id":216,"href":"https:\/\/viciousgrin.com\/blog\/wp-json\/wp\/v2\/pages\/135\/revisions\/216"}],"wp:attachment":[{"href":"https:\/\/viciousgrin.com\/blog\/wp-json\/wp\/v2\/media?parent=135"}],"curies":[{"name":"wp","href":"https:\/\/api.w.org\/{rel}","templated":true}]}}